1e
Convert 1100 (base 2) to base 16.
c
What is 0 (base 15) in base 16?
0
What is -5 (base 7) in base 5?
-10
14 (base 10) to base 13
11
345 (base 6) to base 14
9b
42 (base 6) to base 12
22
Convert 4 (base 7) to base 16.
4
What is -5 (base 10) in base 9?
-5
What is -9 (base 14) in base 12?
-9
Convert -13 (base 8) to base 2.
-1011
Convert -3 (base 7) to base 6.
-3
Convert 332 (base 4) to base 8.
76
What is 10 (base 2) in base 14?
2
What is -361 (base 8) in base 16?
-f1
What is 18 (base 13) in base 5?
41
4 (base 12) to base 14
4
Convert -100 (base 3) to base 7.
-12
2 (base 15) to base 9
2
What is 45 (base 13) in base 2?
111001
Convert 2 (base 3) to base 7.
2
Convert 4 (base 14) to base 11.
4
What is 0 (base 15) in base 11?
0
Convert -136 (base 7) to base 9.
-84
3 (base 14) to base 12
3
What is 3 (base 8) in base 12?
3
11000010 (base 2) to base 5
1234
19 (base 11) to base 10
20
Convert 31 (base 4) to base 2.
1101
2 (base 16) to base 11
2
a1 (base 15) to base 16
97
What is -116 (base 8) in base 6?
-210
14 (base 9) to base 12
11
Convert -19 (base 10) to base 2.
-10011
What is -2 (base 7) in base 6?
-2
Convert 186 (base 11) to base 4.
3113
Convert 1132 (base 4) to base 7.
163
Convert 86 (base 16) to base 7.
251
-120 (base 5) to base 13
-29
Convert 239 (base 10) to base 14.
131
Convert 24 (base 12) to base 15.
1d
Convert 32 (base 10) to base 8.
40
What is 234 (base 6) in base 3?
10111
Convert 4 (base 10) to base 3.
11
-47 (base 13) to base 12
-4b
What is -62 (base 13) in base 12?
-68
Convert -210 (base 3) to base 9.
-23
101 (base 9) to base 4
1102
-2 (base 5) to base 12
-2
88 (base 11) to base 16
60
What is -22 (base 5) in base 10?
-12
Convert 4 (base 5) to base 13.
4
What is 1 (base 8) in base 6?
1
What is -e (base 16) in base 10?
-14
What is 16 (base 14) in base 10?
20
5 (base 7) to base 5
10
What is -1101010 (base 2) in base 14?
-78
What is -10a (base 14) in base 8?
-316
-a (base 15) to base 10
-10
Convert -1122 (base 4) to base 13.
-6c
-146 (base 8) to base 14
-74
Convert -252 (base 9) to base 4.
-3101
Convert 68 (base 12) to base 15.
55
-7 (base 10) to base 4
-13
4 (base 10) to base 12
4
1403 (base 5) to base 10
228
-355 (base 11) to base 14
-223
Convert -7 (base 15) to base 10.
-7
Convert -2 (base 7) to base 13.
-2
What is -10111011 (base 2) in base 9?
-227
Convert a1 (base 12) to base 3.
11111
What is -8 (base 9) in base 11?
-8
-11 (base 5) to base 13
-6
What is -24 (base 8) in base 9?
-22
Convert f (base 16) to base 12.
13
What is -1 (base 8) in base 14?
-1
Convert -315 (base 6) to base 3.
-11102
-110110 (base 2) to base 16
-36
Convert -2 (base 13) to base 7.
-2
Convert 1 (base 14) to base 8.
1
-9 (base 15) to base 2
-1001
-13 (base 7) to base 9
-11
What is -1 (base 7) in base 14?
-1
109 (base 12) to base 3
12200
110 (base 3) to base 8
14
Convert 10 (base 3) to base 14.
3
Convert -2 (base 12) to base 7.
-2
What is 3 (base 7) in base 13?
3
What is -16 (base 10) in base 2?
-10000
Convert -10010 (base 2) to base 14.
-14
What is 4 (base 13) in base 10?
4
388 (base 9) to base 14
191
-14 (base 12) to base 13
-13
Convert -3 (base 10) to base 12.
-3
Convert -112 (base 4) to base 7.
-31
What is 1b (base 14) in base 8?
31
What is 62 (base 12) in base 3?
2202
-1121 (base 3) to base 11
-3a
-10 (base 2) to base 6
-2
What is -11 (base 4) in base 14?
-5
What is -60 (base 8) in base 15?
-33
What is 24 (base 5) in base 12?
12
20 (base 12) to base 13
1b
What is 4 (base 7) in base 16?
4
-10010101 (base 2) to base 8
-225
-2 (base 8) to base 12
-2
-d (base 15) to base 14
-d
What is -1 (base 8) in base 4?
-1
Convert 45 (base 9) to base 10.
41
Convert 2 (base 15) to base 8.
2
11 (base 10) to base 4
23
What is -10 (base 11) in base 4?
-23
Convert -268 (base 11) to base 6.
-1244
Convert 13 (base 16) to base 4.
103
What is -2 (base 9) in base 12?
-2
What is -1c (base 15) in base 16?
-1b
-28 (base 12) to base 10
-32
Convert 22 (base 10) to base 13.
19
Convert -424 (base 5) to base 9.
-136
What is 14 (base 12) in base 10?
16
Convert 1 (base 6) to base 14.
1
Convert -35 (base 7) to base 9.
-28
What is 111001 (base 2) in base 11?
52
Convert 2121 (base 3) to base 7.
130
Convert -3 (base 15) to base 2.
-11
What is -83 (base 14) in base 9?
-137
What is 3 (base 10) in base 11?
3
11 (base 7) to base 6
12
10 (base 8) to base 4
20
250 (base 6) to base 4
1212
-73 (base 16) to base 9
-137
Convert 19 (base 11) to base 2.
10100
What is 1 (base 16) in base 9?
1
What is -104 (base 11) in base 16?
-7d
Convert -2 (base 15) to base 4.
-2
Convert -31 (base 9) to base 8.
-34
What is -10200 (base 3) in base 6?
-243
-111 (base 2) to base 8
-7
Convert 23 (base 8) to base 6.
31
-40 (base 7) to base 10
-28
4 (base 6) to base 8
4
What is 45 (base 12) in base 15?
38
Convert 102 (base 4) to base 10.
18
Convert 31 (base 14) to base 15.
2d
6 (base 10) to base 15
6
-2 (base 4) to base 16
-2
Convert -1 (base 8) to base 7.
-1
What is 8 (base 13) in base 11?
8
2 (base 10) to base 16
2
-3 (base 4) to base 11
-3
-11 (base 6) to base 11
-7
Convert 3 (base 6) to base 2.
11
What is -123 (base 6) in base 2?
-110011
Convert 1 (base 11) to base 9.
1
Convert -24 (base 9) to base 2.
-10110
What is 105 (base 7) in base 15?
39
Convert -4 (base 14) to base 16.
-4
What is -22 (base 12) in base 8?
-32
What is 35 (base 7) in base 11?
24
-17 (base 11) to base 14
-14
121 (base 3) to base 15
11
74 (base 11) to base 14
5b
19 (base 12) to base 16
15
Convert 3 (base 10) to base 16.
3
Convert -3 (base 11) to base 8.
-3
What is -3 (base 13) in base 8?
-3
Convert 101 (base 10) to base 6.
245
Convert -12 (base 4) to base 6.
-10
What is 0 (base 7) in base 14?
0
What is 232 (base 4) in base 16?
2e
What is -14 (base 12) in base 8?
-20
What is 3 (base 16) in base 13?
3
-4 (base 10) to base 2
-100
-18 (base 10) to base 14
-14
Convert -2 (base 3) to base 10.
-2
-3 (base 5) to base 15
-3
-1 (base 6) to base 12
-1
Convert -220 (base 4) to base 15.
-2a
What is 1 (base 5) in base 7?
1
Convert -1 (base 5) to base 11.
-1
Convert -5 (base 16) to base 12.
-5
What is 11 (base 12) in base 10?
13
Convert 5 (base 8) to base 11.
5
Convert -6 (base 11) to base 9.
-6
Convert 2 (base 12) to base 11.
2
Convert -25 (base 9) to base 16.
-17
What is -112 (base 5) in base 4?
-200
-3110 (base 4) to base 14
-112
4 (base 15) to base 2
100
Convert 7 (base 9) to base 11.
7
-2020 (base 3) to base 11
-55
Convert -17 (base 10) to base 12.
-15
Convert -16 (base 7) to base 8.
-15
What is 2 (base 4) in base 7?
2
Convert 20 (base 13) to base 12.
22
Convert -12 (base 11) to base 16.
-d
101 (base 2) to base 12
5
What is -101 (base 3) in base 6?
-14
b (base 14) to base 16
b
Convert 7 (base 9) to base 14.
7
Convert 1 (base 11) to base 15.
1
Convert -57 (base 9) to base 6.
-124
Convert -1 (base 3) to base 2.
-1
-2 (base 13) to base 12
-2
What is 2 (base 12) in base 14?
2
What is 10 (base 4) in base 2?
100
7 (base 8) to base 15
7
-18 (base 12) to base 13
-17
Convert -134 (base 8) to base 14.
-68
What is 225 (base 7) in base 11?
a7
Convert 3 (base 15) to base 12.
3
Convert -7 (base 8) to base 11.
-7
Convert d (base 16) to base 8.
15
What is -5 (base 16) in base 3?
-12
-c (base 14) to base 11
-11
What is -1221 (base 4) in base 13?
-81
-2 (base 3) to base 6
-2
Convert 2 (base 16) to base 7.
2
10203 (base 4) to base 8
443
Convert 19 (base 14) to base 5.
43
3 (base 5) to base 3
10
What is -2 (base 14) in base 7?
-2
What is 2001 (base 3) in base 13?
43
What is 46 (base 16) in base 8?
106
Convert 11 (base 10) to base 15.
b
-7 (base 10) to base 3
-21
Convert 204 (base 9) to base 7.
325
Convert 111 (base 2) to base 3.
21
Convert -1b (base 16) to base 3.
-1000
Convert -3 (base 12) to base 10.
-3
Convert 0 (base 10) to base 12.
0
26 (base 8) to base 13
19
What is -29 (base 14) in base 3?
-1101
Convert 3 (base 6) to base 8.
3
-a1 (base 11) to base 4
-1233
What is -1 (base 4) in base 6?
-1
22 (base 11) to base 7
33
What is 2 (base 15) in base 8?
2
-1 (base 10) to base 3
-1
What is 11 (base 12) in base 14?
d
-1 (base 8) to base 7
-1
What is -a (base 14) in base 8?
-12
50 (base 12) to base 9
66
Convert -2c (base 13) to base 6.
-102
2 (base 15) to base 6
2
Convert 0 (base 13) to base 8.
0
What is -3 (base 8) in base 15?
-3
Convert -a (base 11) to base 9.
-11
What is 1 (base 3) in base 